22 + 2?
-25404214120
In base 15, what is -1143073 - -1?
-1143072
In base 11, what is 1184187 + -248?
1183a3a
In base 16, what is f85ca + 6?
f85d0
In base 10, what is -111 - 747357?
-747468
In base 4, what is -3 - 10000023133?
-10000023202
In base 11, what is 34198798 + 5?
341987a2
In base 7, what is 23 - -21525134?
21525160
In base 16, what is 6 - -40c3ef?
40c3f5
In base 3, what is -100 - 210021021220?
-210021022020
In base 15, what is -2b420 + 8b?
-2b384
In base 9, what is -1 - 1077254?
-1077255
In base 5, what is 144230 + -33213?
111012
In base 6, what is -1352331101 - -4?
-1352331053
In base 3, what is -1121020 - -20201220?
12010200
In base 16, what is -61933a2f - -5?
-61933a2a
In base 6, what is 1330452 - 52535?
1233513
In base 2, what is -1100011000101100001 - 100?
-1100011000101100101
In base 2, what is 111100001110 - 1000111100111?
-1011011001
In base 5, what is 4 + 2232123101?
2232123110
In base 8, what is -15127777 + 255?
-15127522
In base 9, what is 122 + -428748?
-428626
In base 5, what is -4 + 11134204441?
11134204432
In base 10, what is -2 + -58856010?
-58856012
In base 9, what is 18846111 + -2?
18846108
In base 13, what is 283393c4 + 2?
283393c6
In base 4, what is -10010203002 + -11?
-10010203013
In base 9, what is -2563 - -3277?
614
In base 16, what is 701f9 + 16?
7020f
In base 13, what is -5200 - 25218?
-2a418
In base 12, what is 4 - 2792026?
-2792022
In base 7, what is -40450220 + -1?
-40450221
In base 11, what is 222aa3a9 - 2?
222aa3a7
In base 6, what is -1 + 153010525?
153010524
In base 10, what is 5 + -23946870?
-23946865
In base 8, what is 13564 - -171371?
205155
In base 2, what is 10110100001010101000 + 1100011001?
10110100010111000001
In base 10, what is -47 - 17794?
-17841
In base 3, what is 22111201221 - -2022?
22111211020
In base 8, what is 30643 + 4?
30647
In base 4, what is 21 + 2213330013?
2213330100
In base 4, what is 101221 - 1323332?
-1222111
In base 9, what is 0 + 32333064?
32333064
In base 3, what is -102020121 + 1111112?
-100202002
In base 3, what is 110021201101 - -10212?
110021212020
In base 7, what is 3414 + -2453?
631
In base 6, what is 33444001 + 24?
33444025
In base 5, what is 31341132 - 42?
31341040
In base 15, what is -245e - -2332?
-12c
In base 7, what is 21535 + 323?
22161
In base 3, what is 101022221 - -1122200?
102222121
In base 8, what is -44 + -2171525?
-2171571
In base 10, what is -234810 - 2111?
-236921
In base 4, what is 2331000330 - 1331?
2330332333
In base 11, what is -69 + 12631?
12573
In base 13, what is -175b3c6 - 5?
-175b3cb
In base 16, what is -1e150 + -767?
-1e8b7
In base 15, what is 7a70 - -d446?
15eb6
In base 13, what is 5b7ab4 - -16?
5b7aca
In base 7, what is 2 - 15342633?
-15342631
In base 4, what is 11322130321 - -102?
11322131023
In base 8, what is 223 + 672030?
672253
In base 15, what is -281bc + 290?
-27e2c
In base 6, what is 1 - -21303122?
21303123
In base 15, what is -1 + -62bd84?
-62bd85
In base 10, what is -6 + 5422357?
5422351
In base 14, what is 9b8 + -5c7a?
-52a2
In base 5, what is -2 + 232114223?
232114221
In base 16, what is 2b1 - 8d352?
-8d0a1
In base 7, what is -1510441 - -66?
-1510342
In base 5, what is -3434011 + 331224?
-3102232
In base 8, what is -2 - -11606272?
11606270
In base 2, what is -1110001110111000 - -110?
-1110001110110010
In base 14, what is -1344 - -774d?
6409
In base 10, what is 448 + -34139?
-33691
In base 11, what is -27506 - -94?
-27422
In base 7, what is 1221032 + 162?
1221224
In base 2, what is 1101110110100100 + 10100011111011?
10000011010011111
In base 12, what is -2a7 + -2842?
-2b29
In base 15, what is -2d426 - 1859?
-2ec80
In base 4, what is 133 - 102133110?
-102132311
In base 11, what is 3 - -224a1569?
224a1571
In base 11, what is 2422266 + 3?
2422269
In base 5, what is -31 - -10320344300?
10320344214
In base 11, what is 691752 + -34a?
691403
In base 14, what is -7 - 1b0207?
-1b0210
In base 4, what is -111212332330 - 112?
-111212333102
In base 2, what is 0 + 1011111000000110110110011?
1011111000000110110110011
In base 11, what is -1 + -3a035193?
-3a035194
In base 16, what is 7b5 + 23c4?
2b79
In base 2, what is 101000011011111 + -110001001001?
100010010010110
In base 11, what is -125768a4 + 4?
-125768a0
In base 7, what is -12 - 12111541?
-12111553
In base 14, what is 63a0c97 - 2?
63a0c95
In base 16, what is -146a - 1507?
-2971
In base 11, what is -45 + 7025?
6a90
In base 7, what is -610 + -6101604?
-6102514
In base 16, what is 68a - -3efb?
4585
In base 4, what is 232313103 - 202?
232312301
In base 9, what is -1 + -1865152?
-1865153
In base 9, what is -1146460 + -3?
-1146463
In base 11, what is 1450 - 110a7?
-a757
In base 9, what is -10762302 + -2?
-10762304
In base 8, what is -15 + 55111476?
55111461
In base 15, what is 225d - 192e?
82e
In base 10, what is 2673 - 23507?
-20834
In base 13, what is 6ca0c + -112?
6c8ca
In base 8, what is 25 - -4100170?
4100215
In base 14, what is -14 + -1780714?
-1780728
In base 7, what is 4 - -10163626522?
10163626526
In base 8, what is 1646215 + -4?
1646211
In base 14, what is -22d80a + -c?
-22d818
In base 16, what is 4109 + -cca?
343f
In base 9, what is 304164 - -1444?
305618
In base 5, what is -24144303 + -21?
-24144324
In base 8, what is 131556164 - 14?
131556150
In base 16, what is 5b - -10dbf?
10e1a
In base 4, what is 2001 + 302301032?
302303033
In base 9, what is 8062 - 4220?
3742
In base 11, what is -1367570 + -4?
-1367574
In base 8, what is 7 + -26012272?
-26012263
In base 6, what is -20044 - 1244134?
-1304222
In base 13, what is -2 + 51b4391?
51b438c
In base 16, what is -18e1 + abb?
-e26
In base 2, what is 11110 - -1111001000011001011?
1111001000011101001
In base 13, what is 60b20c + 44?
60b253
In base 16, what is -f18924c + -1?
-f18924d
In base 12, what is 2112b + 14?
21143
In base 5, what is 3 - -413241203?
413241211
In base 4, what is 20033013 - -113301?
20212320
In base 9, what is -184 + 1034?
740
In base 9, what is 23144 - 745?
22288
In base 14, what is 3bc0 + 1628?
5408
In base 10, what is 4 + -17572135?
-17572131
In base 12, what is -26507 + 8b8?
-2580b
In base 5, what is -413023 + -2431?
-421004
In base 10, what is 65487121 + -5?
65487116
In base 13, what is -205a3 - 109?
-206ac
In base 6, what is -100 - -3355212?
3355112
In base 6, what is -225342 + -323?
-230105
In base 2, what is 1011 + 1000110010100101010101011000?
1000110010100101010101100011
In base 16, what is -1a12f + -1b8?
-1a2e7
In base 15, what is 10 + -1492d2a?
-1492d1a
In base 4, what is -2332323123 + -3320?
-2332333103
In base 3, what is -2021200 - -1002011100?
222212200
In base 6, what is 144 - -1225423?
1230011
In base 2, what is 11000111101011110 + 1110110?
11000111111010100
In base 2, what is -101100010011000000 + -1000011011?
-101100011011011011
In base 7, what is 350230 + 40?
350300
In base 5, what is -103242043 + -10213?
-103302311
In base 4, what is -2 + -102211111202300?
-102211111202302
In base 3, what is -1012221 + 102222112022?
102221022101
In base 5, what is -30 + -220404240?
-220404320
In base 11, what is 1a753852 - 6?
1a753847
In base 15, what is a7bd - bcd?
9ae0
In base 12, what is 568 - -415?
981
In base 14, what is 3 + ca5593?
ca5596
In base 13, what is -bb4c - -224?
-b928
In base 3, what is -2 + 2200222210101?
2200222210022
In base 16, what is -2 + 1c4439f?
1c4439d
In base 7, what is -104 - 264310?
-264414
In base 14, what is -40 + 53d69?
53d29
In base 7, what is -1 + -104042403?
-104042404
In base 14, what is -527a3 + -19?
-527bc
In base 8, what is -12041 + 12062?
21
In base 16, what is 1bfbf3 - 5?
1bfbee
In base 2, what is -100 + -101010000100011000000100111?
-101010000100011000000101011
In base 2, what is -100 + 1101001011010000010011111011?
1101001011010000010011110111
In base 3, what is 122121002 - -110022?
200001101
In base 9, what is 0 - 58023174?
-58023174
In base 7, what is -14505253 - -1?
-14505252
In base 13, what is -30b30 - 573?
-313a3
In base 16, what is 95c980 + 2d?
95c9ad
In base 7, what is 16136660 - -2?
16136662
In base 13, what is 1a833 - -69?
1a89c
In base 10, what is -355419 - 1398?
-356817
In base 15, what is -225bc9d + 3?
-225bc9a
In base 3, what is 10000121022 + -20?
10000121002
In base 3, what is 12 + 1010202121211212?
1010202121212001
In base 9, what is -2862264518 - -5?
-286226